 (-3 + 2)).
-2
-6 - -1 - (0 - -2 - 12)
5
Calculate 23 + -10 - (-1 - -8).
6
What is 2 - (-3 - (-10 + (0 - -3)))?
-2
What is -3 - (-2 - 0) - (-15 + 17)?
-3
What is the value of 2 + (-5 - 1 - (-2 + -1))?
-1
2 + (-3 - -3) - -2
4
What is the value of 0 - (-10 - (0 - 5))?
5
Calculate 5 - -4 - ((-3 - -8) + 1).
3
What is the value of -6 + 4 - 8 - (6 + -9)?
-7
(1 - 1) + (3 - -1 - 3)
1
What is 1 + 6 + -7 - (-5 + 1)?
4
Calculate 3 + 1 + -6 + -2.
-4
Calculate -1 + (1 - -4) + -6 - 1.
-3
Calculate 4 + 0 - (8 - (0 - -4)).
0
Evaluate 4 + -11 + -1 + 3.
-5
(3 + -4 - -4) + -4 + -1
-2
What is the value of (4 - 1) + -3 - 1?
-1
What is -2 - ((0 - -2) + 0 + -4)?
0
What is -2 + 0 - ((12 - 4) + -8)?
-2
What is -1 + (2 - (0 - -6)) + 4?
-1
What is 12 - 5 - (-2 + 9 + 6)?
-6
Evaluate 2 - (-7 - -7) - 9.
-7
What is (18 - 7) + 1 + -10?
2
6 - (10 - (-8 + 6))
-6
Evaluate -35 - -29 - (1 - 2 - 2).
-3
What is 5 + (-56 + 54 - (-1 - -1))?
3
Calculate -13 - (-8 - -4) - (1 + -3).
-7
Evaluate 5 + (-3 - 0) - 10 - -4.
-4
Evaluate -1 - ((9 - 2) + -11).
3
What is the value of (6 - 3 - 0) + (2 - 0)?
5
(14 - 6) + -9 + 2
1
What is 15 - 8 - 16 - -9?
0
Evaluate -1 + (-4 + 7 + -4 - 1).
-3
(2 - (2 - (-2 + 2))) + 1
1
Evaluate -1 + (7 - 13) + (4 - 0).
-3
Calculate -3 + (3 - (-3 - -3)) - 0.
0
Evaluate 4 + (-7 - -3) - 2.
-2
Evaluate 1 + -8 - (-1 - (-2 + 3)).
-5
What is the value of (8 - 2) + -11 - -8?
3
(2 - -6) + -5 - 1
2
What is -3 - (-10 - (8 + -17))?
-2
Calculate -1 - (1 + 1 + -6).
3
Evaluate (-6 + 7 - -7) + -1.
7
Calculate (2 - 10) + 13 + 3 + 1.
9
(3 - 1) + (4 + -5 - -3)
4
Calculate -5 - (-5 - -3 - 3 - -4).
-4
Calculate -6 + -2 + 6 + (-4 - -4).
-2
Calculate 7 - 10 - (-1 + -2 + 1).
-1
What is the value of (1 - 0) + (25 - 28)?
-2
1 + -5 + 2 + -1
-3
Evaluate -1 + -5 + -4 + 2 + 0.
-8
Calculate -7 - (-7 + -3 - -4).
-1
2 - (9 - 17) - 16
-6
What is the value of -8 - (-24 + 7) - 9?
0
(-10 - -8) + -3 + -1 + 1
-5
Calculate (2 + 1 - -1) + -3 + 2.
3
Calculate 4 + -8 + (-1 - -10).
5
Evaluate 0 + -3 + (-21 + 8 - -8).
-8
What is -8 - (-16 - (4 + -7))?
5
Calculate (-19 - -11) + 5 + 2.
-1
Evaluate (-2 - (-2 + 3)) + -81 + 85.
1
Calculate 1 + (-9 - 3 - -19).
8
-9 + (0 - (-1 + -6))
-2
What is the value of 2 + -7 - (-2 + -1 + -1)?
-1
What is -1 - -1 - (2 - (5 + -6))?
-3
What is -2 - ((-1 - -1) + 1) - 1?
-4
What is 3 + 1 - (22 + -20 + 5)?
-3
Evaluate 6 + (-5 - (14 - 5)).
-8
What is the value of -5 + 0 - (-2 + -4)?
1
Calculate (1 - 8) + -2 + 4.
-5
(2 - 1 - -5) + -13
-7
What is -1 + (0 + -12 + 3 - -5)?
-5
Evaluate -1 + -2 + (-8 - -6).
-5
-3 + (5 - (-3 + 6)) + 2
1
Calculate 6 - 2 - 10 - (-1 + 0).
-5
(0 - -4 - 1) + 0
3
Evaluate -6 - (0 + (-13 - -9)).
-2
-10 + (6 - -7) + 6
9
What is the value of 8 - (88 + -75 + (-1 - -6))?
-10
Calculate -3 + 6 + -18 + 3 - -7.
-5
Evaluate 2 + -6 + 1 + 1.
-2
0 + (-9 - -4) + 10
5
Evaluate (6 - (2 + 0)) + (0 - 1).
3
Evaluate 1 - (-4 + 2 - (-2 + 4)).
5
Calculate 218 + -213 + (-1 - (1 + 0)).
3
-1 + -1 + (0 - (-7 + 3))
2
What is the value of -2 + (-3 - (8 - 13))?
0
What is -8 + (2 + -4 - -2) + -1?
-9
Calculate 7 + -3 - 0 - 10.
-6
What is (10 - (6 - (0 + 0))) + -11?
-7
What is the value of (-1 - -1) + 1 + 2?
3
What is (6 - -1) + -11 + 1?
-3
1 - ((-3 - 7) + 0) - 4
7
What is 183 + -174 + (0 - 8)?
1
What is the value of 4 + (-6 - (2 - 8))?
4
-13 + -8 - -8 - -8
-5
Calculate 2 - -5 - 4 - 1 - 5.
-3
Evaluate (-8 + 4 - -7) + 3 + -1.
5
Evaluate (-10 - -6) + 4 - 1.
-1
Evaluate 2 + 2 + (2 - -1 - 2).
5
Evaluate 4 - (-5 - (5 - 5)) - 2.
7
What is 6 + (-9 - -2) + (1 - 1)?
-1
Evaluate -6 + 1 - (-16 + 10).
1
Calculate 4 - (-3 + 4 + -5 + 4).
4
What is 1 - (1 + 4 + 3)?
-7
Calculate 1 + -3 - (0 + -2 + -3).
3
What is (-1 - -2) + (-9 - -3)?
-5
2 + -6 - (-7 - (1 - 2))
2
(-3 - (9 + -13)) + 2
3
What is 3 + -7 + 5 + 9 + -4?
6
0 + 4 + -8 - -9
5
What is the value of 0 + (-5 + 4 - 5 - -5)?
-1
What is (2 - -13) + 0 + -4 + -5?
6
Evaluate -3 - (-6 + -4) - 5.
2
Calculate (0 - (-5 - -4)) + -3.
-2
Calculate 3 - 0 - -2 - -5.
10
Evaluate -6 + -1 + 6 + -5.
-6
Evaluate 0 + -2 + 0 + 3 + -1.
0
-6 + 9 + -8 + 1
-4
What is the value of 16 - ((5 - (3 + 3)) + 7)?
10
Calculate 0 - (-2 - (-5 - -8)).
5
What is 12 - (2 + -6 + 10)?
6
Calculate -7 + (-9 - -6 - -3) + 2.
-5
Evaluate 10 + -1 + (26 - 38).
-3
Calculate 14 + (-10 + -3 - 12).
-11
Evaluate 0 - (-4 - (-17 - -8)).
-5
What is 2 + -8 + 1 - -1?
-4
Evaluate -4 + (0 - -3) + -1 + -3.
-5
Calculate -26 + 29 + (2 - (2 - 3)).
6
What is the value of -4 - -1 - (-1 - -8 - 9)?
-1
Evaluate (-6 - (-7 + 4)) + 7.
4
Evaluate (-8 - (3 + -7)) + 0.
-4
-5 + 1 + -6 + 6
-4
Calculate (-2 + 1 - 2) + 0 - -7.
4
1 + 4 + 4 - 4
5
Evaluate 10 - (6 + 0) - -2.
6
What is the value of -5 - -1 - (0 - 5)?
1
What is the value of 0 + 5 + -2 - 4?
-1
Evaluate 70 + -72 - (0 + -3).
1
Evaluate 0 - 0 - (33 + -29).
-4
Calculate 0 + 2 - (7 + -9).
4
Calculate -3 + (-2 + 8 - (2 - -2)).
-1
What is (7 + 1 - 2) + -14 + 12?
4
Calculate 1 + -8 - (0 - -6 - 11).
-2
-6 - (-6 - (-6 - 4 - -8))
-2
Calculate 3 - (9 + -5) - (2 + -1).
-2
What is the value of 4 - (-5 + 7) - (-1 - 1)?
4
What is -1 - -4 - (-5 + 13)?
-5
What is the value of 1 + (-8 - (-3 + (3 - 3)))?
-4
What is the value of 5 + -9 - (2 + -3)?
-3
What is (4 + -5 - -2) + (0 - 2)?
-1
What is (5 - 20) + 7 - -5 - -9?
6
What is the value of (-8 - -4 - -17) + -7?
6
Calculate 11 - (-7 - 1 - -18).
1
What is the value of 0 + 1 + (-15 - -10)?
-4
What is (1 - -5) + -7 + (-1 - 0)?
-2
5 + -7 + 5 + 1
4
Calculate 7 + (-6 - (1 - 5)) + -3.
2
Calculate (-1 - -4) + -1 + (3 - 4).
1
Evaluate -1 + -3 - (3 - 11 - -9).
-5
Calculate 5 + -6 + (0 + 1 - -5).
5
Evaluate (-1 - -3) + (-13 - (-5 - 1)).
-5
Calculate -2 - (6 - (-5 + 13)).
0
(-1 - 15) + 9 + (1 - 0)
-6
What is (8 + -2 - 8) + 6?
4
-7 - (-10 + -9 + 9)
3
What is 4 - (7 + -2 + 3)?
-4
What is the value of -4 - (-15 + (-5 - -15))?
1
Calculate -6 + 4 + (-11 - -6).
-7
Calculate 3 + (0 - -1 - (5 + 3)).
-4
Calculate -5 + 12 - 1 - 5.
1
Calculate (16 - 5) + (4 - 11).
4
0 + 8 - (11 - 2)
-1
What is (-5 - 1) + -5 + 0 + 6?
-5
Evaluate -4 + (7 - 8) + 7.
2
Calculate -5 + (-5 - -6 - -8) + -1.
3
Calculate (23 - 24 - (1 + -7)) + -1.
4
Evaluate -3 - (2 + (5 - 8)).
-2
What is the value of -3 + (-9 - -12) + -3?
-3
Calculate -5 + (4 - 2) + -2.
-5
Calculate -7 - ((-3 - -9) + -13).
0
0 + (-13 - -19 - (0 - -9))
-3
What is 2 - ((2 - (-1 - 1)) + 1)?
-3
Calculate -3 - 0 - (-10 + 6 + 4).
-3
What is the value of -1 + 1 - (7 - 9)?
2
Calculate -8 + (18 - 5) - 2.
3
9 + (-7 - -1) - 5
-2
-1 + -7 + 7 + -14 + 11
-4
Calculate 1 + 14 + -4 - 6.
5
(-12 - -3) + 4 + (9 - 1)
3
What is the value of 7 + (2 + 2 - 10)?
1
What is -3 + 6 + -11 - -4?
-4
Evaluate -2 + (-5 - -6) + 1.
0
Evaluate (-1 - 2 - -3) + -3.
-3
Evaluate 15 + (3 - 12) - -2.
8
(3 - -12) + -1 + -7
7
What is the value of -7 + 10 - (0 + 2 + 2)?
-1
What is -6 - (5 + -7 - -1)?
-5
Evaluate (2 - -1) + -15 + 7.
-5
What is the value of (11 - 2) + (-4 - 0)?
5
Evaluate -12 + 1 + 12 + (-14 - -7).
-6
What is the value of -1 + 0 - (7 + (7 - 14))?
-1
What is (2 - (6 + -2)) + 8?
6
Evaluate (0 - -2) + -1 + -2 + -2.
-3
Evaluate 3 - 0 - (2 - 4).
5
Calculate -5 + 10 - (1 + 4).
0
Evaluate (-1 - (-7 + 10 - 12)) + -17.
-9
What is the value of 2 - (1 + -2 + 0)?
3
What is the value of -4 + 5 + 3 + (2 - 3)?
3
What is the value of -1 - (-2 + -2 + 4)?
-1
Calculate -1 + (3 - (2 - -1)).
-1
Calculate (4 - (-5 - -10)) + 0.
-1
Calculate -4 + (5 - (-5 - -3 - 0)).
3
-10 + 8 + 19 + -15
2
What is 4 - (-9 + 5 - -4)?
4
What is 1 + (-5 - -4 - 2)?
-2
What is the value of -2 + -4 - (-10 + 2)?
2
0 - ((-1 - -1) + -5)
5
5 + -4 + (0 - (-2 + -4))
7
5 + -2 + 0 + 6 + -5
4
Calculate -14 + (17 - 13 - -12).
2
Evaluate 19 - (-13 + 26) - (8 + 1).
-3
Calculate -1 - 3 - (11 - 6 - 8).
-1
Calculate 0 - (1 - 0) - (101 - 105).
3
Evaluate 4 + -11 + 2 + 1.
-4
What is 2 + -2 + 2 - 4?
-2
What is the value of 15 + -5 - (-14 - -32)?
-8
What is the value of 3 - (1 - -6 - 0)?
-4
What is (6 - (10 + (4 - 9))) + -2?
-1
Evaluate -1 - (3 + -1) - 0 - -2.
-1
-13 + 8 + -2 + -7 + 5
-9
What is the value of -2 + 5 + -6 + 0 + -1?
-4
1 + 1 + (-4 - (-1 - -1))
-2
What is (0 - -1) + (-5 - -4)?
0
Calculate (2 - (-1 + 5)) + (-3 - -1).
-4
What is -2 + 1 + (-7 - (1 - 4))?
-5
What is the value of -43 - -39 - (-1 + -2)?
-1
What is the value of 1 + -5 + 6 + 4 + 2?
8
Evaluate -3 + -3 + 10 + 0.
4
Calculate -13 + -1 + 5 + (7 - 5).
